{"id":10,"date":"2026-03-07T11:59:54","date_gmt":"2026-03-07T10:59:54","guid":{"rendered":"https:\/\/revuepeva.com\/?page_id=10"},"modified":"2026-03-07T11:59:54","modified_gmt":"2026-03-07T10:59:54","slug":"a-propos","status":"publish","type":"page","link":"https:\/\/revuepeva.com\/?page_id=10","title":{"rendered":"\u00c0 propos"},"content":{"rendered":"\n\n<div class=\"wp-block-media-text is-stacked-on-mobile pattern-about\" style=\"grid-template-columns:30% auto\"><figure class=\"wp-block-media-text__media\"><img decoding=\"async\" src=\"https:\/\/revuepeva.com\/wp-content\/themes\/prespa\/assets\/img\/patterns\/services\/web-design.jpg\" alt=\"\" class=\"wp-image-1998 size-full\"\/><\/figure><div class=\"wp-block-media-text__content\">\n<p>Minim recusandae, volutpat magna, class, adipiscing, quo id consectetuer duis anim nisl vehicula in, velit quis magna venenat. Irure dolorum aute quod musin cura wisi. Ipsum sec quam potenti earum beatae inventore ab, cumque.<\/p>\n\n\n\n<p>Irure dolorum aute quod musin cura wisi. Ipsum sec quam potenti earum beatae inventore ab, cumque. Minim recusandae, volutpat magna, class, adipiscing, quo id consectetuer.<\/p>\n<\/div><\/div>\n\n\n\n\n<div class=\"wp-block-group team-members-pattern p-animation-zoom-in is-layout-flow wp-block-group-is-layout-flow\" style=\"padding-top:var(--wp--preset--spacing--large);padding-bottom:var(--wp--preset--spacing--large)\">\n<h2 class=\"has-text-align-center wp-block-heading has-large-font-size\">Rencontrer l\u2019\u00e9quipe<\/h2>\n\n\n\n<div style=\"height:16px\" aria-hidden=\"true\" class=\"wp-block-spacer\"><\/div>\n\n\n\n<p class=\"has-text-align-center\">Rencontrez notre \u00e9quipe de professionnels d\u00e9vou\u00e9s.<\/p>\n\n\n\n<div class=\"wp-block-columns is-layout-flex wp-container-core-columns-is-layout-b8f50212 wp-block-columns-is-layout-flex\" style=\"padding-top:0;padding-right:0;padding-bottom:0;padding-left:0\">\n<div class=\"wp-block-column is-layout-flow wp-block-column-is-layout-flow\" style=\"padding-top:var(--wp--preset--spacing--small);padding-bottom:var(--wp--preset--spacing--small)\">\n<figure class=\"wp-block-image aligncenter size-full is-resized has-custom-border\"><img decoding=\"async\" src=\"https:\/\/revuepeva.com\/wp-content\/themes\/prespa\/assets\/img\/patterns\/team\/person-14.jpg\" alt=\"\" class=\"wp-image-3314\" style=\"border-radius:50%\" width=\"120\"\/><\/figure>\n\n\n\n<h4 class=\"has-text-align-center wp-block-heading\">Richard Sambrora<\/h4>\n\n\n\n<p class=\"has-text-align-center\">Chef des ventes<\/p>\n<\/div>\n\n\n\n<div class=\"wp-block-column is-layout-flow wp-block-column-is-layout-flow\" style=\"padding-top:var(--wp--preset--spacing--small);padding-right:0;padding-bottom:var(--wp--preset--spacing--small);padding-left:0\">\n<figure class=\"wp-block-image aligncenter size-full is-resized has-custom-border\"><img decoding=\"async\" src=\"https:\/\/revuepeva.com\/wp-content\/themes\/prespa\/assets\/img\/patterns\/team\/person-12.jpg\" alt=\"\" class=\"wp-image-3315\" style=\"border-radius:50%\" width=\"120\"\/><\/figure>\n\n\n\n<h4 class=\"has-text-align-center wp-block-heading\">Jonathan Grey<\/h4>\n\n\n\n<p class=\"has-text-align-center\">Directeur de la technologie<\/p>\n<\/div>\n\n\n\n<div class=\"wp-block-column is-layout-flow wp-block-column-is-layout-flow\" style=\"padding-top:var(--wp--preset--spacing--small);padding-bottom:var(--wp--preset--spacing--small)\">\n<figure class=\"wp-block-image aligncenter size-full is-resized has-custom-border\"><img decoding=\"async\" src=\"https:\/\/revuepeva.com\/wp-content\/themes\/prespa\/assets\/img\/patterns\/team\/person-13.jpg\" alt=\"\" class=\"wp-image-3316\" style=\"border-width:px;border-radius:50%\" width=\"120\"\/><\/figure>\n\n\n\n<h4 class=\"has-text-align-center wp-block-heading\">Elsa Walson<\/h4>\n\n\n\n<p class=\"has-text-align-center\">Directeur des ressources humaines<\/p>\n<\/div>\n\n\n\n<div class=\"wp-block-column is-layout-flow wp-block-column-is-layout-flow\" style=\"padding-top:var(--wp--preset--spacing--small);padding-bottom:var(--wp--preset--spacing--small)\">\n<figure class=\"wp-block-image aligncenter size-full is-resized has-custom-border\"><img decoding=\"async\" src=\"https:\/\/revuepeva.com\/wp-content\/themes\/prespa\/assets\/img\/patterns\/team\/person-1.jpg\" alt=\"\" class=\"wp-image-3320\" style=\"border-radius:50%\" width=\"120\"\/><\/figure>\n\n\n\n<h4 class=\"has-text-align-center wp-block-heading\">Jonathan Doe<\/h4>\n\n\n\n<p class=\"has-text-align-center\">Fondateur et directeur g\u00e9n\u00e9ral<\/p>\n<\/div>\n<\/div>\n<\/div>\n\n\n","protected":false},"excerpt":{"rendered":"","protected":false},"author":1,"featured_media":0,"parent":0,"menu_order":0,"comment_status":"closed","ping_status":"closed","template":"","meta":{"footnotes":""},"class_list":["post-10","page","type-page","status-publish","hentry"],"_links":{"self":[{"href":"https:\/\/revuepeva.com\/index.php?rest_route=\/wp\/v2\/pages\/10","targetHints":{"allow":["GET"]}}],"collection":[{"href":"https:\/\/revuepeva.com\/index.php?rest_route=\/wp\/v2\/pages"}],"about":[{"href":"https:\/\/revuepeva.com\/index.php?rest_route=\/wp\/v2\/types\/page"}],"author":[{"embeddable":true,"href":"https:\/\/revuepeva.com\/index.php?rest_route=\/wp\/v2\/users\/1"}],"replies":[{"embeddable":true,"href":"https:\/\/revuepeva.com\/index.php?rest_route=%2Fwp%2Fv2%2Fcomments&post=10"}],"version-history":[{"count":1,"href":"https:\/\/revuepeva.com\/index.php?rest_route=\/wp\/v2\/pages\/10\/revisions"}],"predecessor-version":[{"id":15,"href":"https:\/\/revuepeva.com\/index.php?rest_route=\/wp\/v2\/pages\/10\/revisions\/15"}],"wp:attachment":[{"href":"https:\/\/revuepeva.com\/index.php?rest_route=%2Fwp%2Fv2%2Fmedia&parent=10"}],"curies":[{"name":"wp","href":"https:\/\/api.w.org\/{rel}","templated":true}]}}